. Let r(q) = q**3 + 4*q**2 + 4*q. Determine r(c).
-3
Let w be (-6)/10 + 7/((-175)/85). Let j(k) = -k - 10. Give j(w).
-6
Suppose -t - 5*l - 18 = 0, -l - 17 = -5*t - 3. Let c(p) be the first derivative of 2*p**3 + 2 + 1/4*p**4 + 5/2*p**t + 2*p. Give c(-5).
2
Let h(b) = -3 + 2*b + 2*b**2 + 3*b + 0*b. Let m(z) = -3*z**2 - 5*z + 2. Let l(o) = -4*h(o) - 3*m(o). Suppose 9*w = 6*w + 15. Give l(w).
6
Let n be (-80)/(-14)*(-70)/(-20). Suppose 22*v - 4 = n*v. Let o(h) = 1 + v + h**3 + 5*h**2 + 6*h + 0 + 0. Determine o(-4).
-5
Let h(w) = -w**3 + 3*w**2 + 5*w + 1. Let a be h(4). Suppose 0 = -6*t + a*t - 6. Let c(g) = g**2 + 2*g + 8. What is c(t)?
32
Let q be 4/(-10)*5/(-1). Let d(i) = 19*i**2 + q - 7*i**2 - 3. Let j be 1*(-22 - (-35 - -12)). Determine d(j).
11
Let r(n) = -6 + n**2 + 1 + 1 - 13*n - n**3 + 15 - 13*n**2. Calculate r(-11).
33
Let v(l) = -2*l**3 + l - 2*l**2 - 6*l**3 + 7*l**3. Give v(-3).
6
Let u(l) be the first derivative of -l**5/120 - 11*l**3/3 - 12. Let c(g) be the third derivative of u(g). Determine c(2).
-2
Let u(g) = 7*g**3 + 7*g**2 - 5*g + 8. Let t be (-7 + -2)*(-2)/(-3). Let j(i) = i**3 + i**2 - i. Let k(s) = t*j(s) + u(s). What is k(0)?
8
Suppose 286 = 5*y + 261. Let u(r) = -9*r + 7. What is u(y)?
-38
Let g(c) = c**2 + c + 1. Let a(s) = s**3 - 7*s**2 + s - 6. Let h be (-2)/(-1 + 2)*38/(-76). Let d(n) = h*a(n) - g(n). Determine d(8).
-7
Suppose -2*d - 5 = -3*d. Suppose -d*f - 7 = 2*b, 4*f = 3*b - b - 20. Let m(n) = 161*n**2 + 2*n - 162*n**2 - 3 - 7*n. Give m(f).
3
Let w(v) = 4*v**2 + 6*v + 2. Let s(r) = 3*r**2 + 4*r + 2. Let h(z) = 5*s(z) - 4*w(z). What is h(3)?
-19
Let x be (2 - (-18)/(-8)) + (-202)/(-8). Suppose -5*g + 15 = x. Let d(w) = -w**3 - 3*w**2 - 2*w + 2. Calculate d(g).
2
Let m(d) be the first derivative of 3*d - 21 - 1/3*d**3 + 2*d**2. Let y be (1*-2 - -3) + 4. Determine m(y).
-2
Suppose 0 = 7*m - 5*m + 94. Let t = -52 - m. Let j(k) = -k**2 - 8*k - 6. Determine j(t).
9
Let v(a) = -a - 12. Let c be v(-6). Let g(n) = -n**2 - 10*n - 7. What is g(c)?
17
Let c(k) = k**3 + 7*k**2 - 5*k - 11. Let a be (-110)/15 + (-4)/6. Let r be c(a). Let x be (28/r)/(1/(-5)). Let j(y) = y**3 - 5*y**2 + 5*y - 1. Give j(x).
3
Let l(h) = -h**2 + 3*h + 4. Let j(b) be the third derivative of -2*b**2 + 0*b + 0 + 17/6*b**3 + 1/24*b**4. Let t be j(-13). Determine l(t).
0
Let a(c) = c**2 - 2*c - 2. Let g = -37 + 76. Let l be (-6)/g - (-54)/13. Determine a(l).
6
Let f(x) be the first derivative of x**3/3 + x**2/2 + 2. Let p(y) = 7*y - 3. Let a be p(1). Suppose 0 = -d - 3 + a. Give f(d).
2
Let a(d) = d - 12 - 5 + 5 + 24. Determine a(-9).
3
Let x(s) = 7*s**3 - 10*s**2 - 5*s - 12. Let b(t) = 20*t**3 - 29*t**2 - 15*t - 35. Let l(r) = 6*b(r) - 17*x(r). Give l(5).
-6
Let x(p) = -4*p + 75. Let j = 1405 - 1385. Give x(j).
-5
Let n(d) = -2 + 421*d - 209*d - 211*d + 3*d**2. Calculate n(2).
12
Let f(u) be the first derivative of 5*u**3/3 - 3*u**2/2 + u + 71. What is f(2)?
15
Let r(t) = t**2 + 2. Let i(l) = -2*l**2 + 4*l - 6. Let y(z) = i(z) + 3*r(z). Let g(q) = q**3 + 11*q**2 + 9*q - 14. Let o be g(-10). What is y(o)?
0
Let y(m) = -m**3 + 3*m**2 + 3*m - 3. Let i be -1 - 11/(-13) - 379/(-13). Suppose 0 = 4*p + 4*a, -5*p + i = -a + 11. Calculate y(p).
6
Let c be 6 - 6/3600*3595. Let q(l) be the third derivative of 1/4*l**4 - c*l**6 + 0*l + 1/10*l**5 - 1/6*l**3 + 0 + 3*l**2. What is q(7)?
-8
Let n(g) = -g**2 - 10*g - 21. Let a be n(-7). Let p(f) = -f**2 + 13. What is p(a)?
13
Let h(a) be the second derivative of a**6/720 + 7*a**5/120 - 5*a**4/12 + 16*a. Let x(o) be the third derivative of h(o). Calculate x(6).
13
Let w(g) = 6*g**2 - 7. Let u(i) = i**2 - i. Let q(b) = 5*u(b) - w(b). Let o(h) = -5*h**3 - 20*h**2 + 3*h + 6. Let a be o(-4). Give q(a).
1
Suppose -a - 44 = -7*t + 2*t, -5*a + 4 = 3*t. Let h = -9 + t. Let s(m) be the second derivative of -9*m**5/20 + m**4/12 + m**3/6 + 5*m. Calculate s(h).
9
Let n(m) be the second derivative of -m**7/2520 - m**6/720 - m**5/60 + 4*m**4/3 + m. Let u(v) be the third derivative of n(v). Give u(3).
-14
Let w(i) be the first derivative of 5*i**3/3 - 3*i**2/2 - 4*i + 180. What is w(3)?
32
Suppose -9*j = -4*j - 15. Let r(h) be the second derivative of -4/3*h**j - 3/2*h**2 + 0 - 6*h. Determine r(-2).
13
Let q(t) = 3*t**3 - 29*t**2 - 3*t + 20. Let k(o) = -o**3 + 10*o**2 + o - 7. Let a(v) = -11*k(v) - 4*q(v). Suppose 7441*l - 7453*l = -72. Give a(l).
3
Let g(i) = i + 3. Let l be g(6). Suppose 3*y - 12 - l = 0. Let d(a) = 6*a**2 - a - 3. Let c(h) = h**2 + h + 1. Let s(m) = 5*c(m) - d(m). Calculate s(y).
1
Let q(j) = j - 3. Let s = -336 + 332. Determine q(s).
-7
Let n(g) = -g**3 + 7*g**2 - 2*g + 13. Let u be 1*5 + (-2)/(-1). Calculate n(u).
-1
Let j(k) = k**3 - 3*k - 22. Let x be (-3 - (-10 + 7))/(-1). What is j(x)?
-22
Let w(y) = 3*y**3 - 2*y**2 - 17*y + 27. Let h(f) = f**3 - f**2 - 6*f + 9. Let m(s) = 11*h(s) - 4*w(s). What is m(-4)?
-1
Let o be (-13)/(104/64) - -14. Suppose -3*d + 7 = -2*d. Let f(k) = 11 + k**2 - d*k - 3 - 3*k. What is f(o)?
-16
Suppose -5*h + 32 = -3. Suppose 15 - h = 2*x. Suppose y = -x*v + 1, 0 = -y - 2*v - v. Let s(a) = -a**2 - 3*a + 2. Give s(y).
2
Let f(i) = -i**2 - 7*i. Let y be -2*(-1)/((-8)/892). Let v be y/(-9) + (-6)/(-27). Suppose v = -15*k + 10*k. Determine f(k).
10
Let r be 1/10 + (-145)/(-50). Let z(m) = m**2 + 3 + r - 7 + 2*m + 0*m. Calculate z(-2).
-1
Let w(h) = h**2 - 9*h - 15. Suppose 5*r - 3*p - 40 = 0, -12*r + 31 = -11*r + 4*p. Give w(r).
7
Suppose 0 = 3*t + 5*g - 10, 0 = -2*t + 2*g - 11 - 9. Let m be (12/8)/((-3)/(-4)). Let y(z) = -z - 7 + 3 + m*z. Give y(t).
-9
Let c(t) be the third derivative of -t**5/60 - t**4/4 + 5*t**3/6 + 31*t**2 - 3. Give c(-4).
13
Let a(l) = l**3 + 7*l**2 - 8*l - 7. Let n = 59 - 67. What is a(n)?
-7
Let f(l) = -1048 - l**3 + 1048 + 3*l**3. Suppose s - 7 = -2*y, -5 = 2*s - s - y. Determine f(s).
-2
Let x = 779 + -777. Let o(v) = -8*v**2 - v - 3. What is o(x)?
-37
Let i(u) = -u + 2. Suppose 29*o - 16 = 31*o. Calculate i(o).
10
Let s = 5 + -1. Suppose 43*x = 39*x + 8. Let p(v) = v - s + 2 + 2*v - x*v. What is p(-5)?
-7
Let c(j) be the third derivative of -j**4/24 + 2*j**3/3 - 3*j**2 + 6*j. Let s(t) = t + 7. Let y be ((-20)/2)/(1 - -1). Let f be s(y). What is c(f)?
2
Let j(w) = w**3 + 7*w - 4. Let n(f) = -f**2 + f. Let q(k) = -j(k) + 4*n(k). Let c(x) = -6*x + 393. Let b be c(66). Calculate q(b).
4
Let x be (-8)/12 + 14/3. Let r(b) = 2*b**2 + 21*b - 11. Let g be r(-11). Let v(i) = -i**2 + 3 + g - 3 + 1 + 5*i. Calculate v(x).
5
Let g(n) = -n**3 + 3*n - 1. Suppose 9 = -10*l + 79. Suppose -s - 2*f = -l*f - 2, -2*f + 4 = 2*s. Determine g(s).
-3
Let t(h) = -h + 3. Suppose -5*m - 5*u = 0, -m - 8 = -2*m + u. Suppose -m*n + 5 + 6 = -d, -9 = 3*n + 5*d. Let g be -3 - -3 - (-10)/n. What is t(g)?
-2
Let j be 306/(-27)*3/(-2). Let a = j + -15. Let q(c) = -3*c + 2*c**2 - 4 + 6 - a*c - 3*c**2. Give q(-3).
8
Let p(m) = -2*m**3 + 3*m**3 - 8*m**2 + m - 2 - 5. Let j be 14/49 - 149/7. Let n be (-37)/(-5) + j/(-35). What is p(n)?
1
Let p(q) = q**2 + 9*q + 7. Let r = -227 + 220. Determine p(r).
-7
Suppose 0 = -j - q + 3, 1 = -5*j + q + 22. Let s(y) = 4 - y - j - 3 + 3*y. Give s(3).
3
Let h(q) = -q**3 - 4*q**2 + q - 1. Suppose 0 = 53*i - 45*i + 32. Give h(i).
-5
Let y(c) = 2*c**3 - c**2 + c + 1. Let w be 18/81 - 55/45. Calculate y(w).
-3
Let x(g) be the first derivative of g**3/3 - g**2/2 + 136. Calculate x(2).
2
Let o = -7 - -11. Let u(m) be the second derivative of -m**3/3 + 3*m**2/2 - 4*m. Calculate u(o).
-5
Let z(c) = 4*c - 3 + 2 + 4*c**2 + 4 - c**2. What is z(-2)?
7
Let n(f) = -5*f**3 + 2*f**2 - 9*f + 1. Let c(y) = 14*y**3 - 6*y**2 + 26*y - 2. Let t(a) = 6*c(a) + 17*n(a). Determine t(4).
-79
Let f(b) = b - b**2 + 4 + 0*b**2 + 2*b. Let x = -16154 + 16158. Give f(x).
0
Let b be 32/(-4) + 6 + -3. Let n(h) = h + 7. Calculate n(b).
2
Let m(f) = -33*f**2 - 1 + 18*f**2 + 3*f + f**3 + 16*f**2 - 6*f. Give m(-2).
1
Let i = 5 + -4. Let z(c) = 11*c - 76*c - 2 + 3 + 26*c + 18*c. Calculate z(i).
-20
Let w(f) be the third derivative of -f**5/15 + f**4/6 - 5*f**3/6 - 3*f**2 + 22. Calculate w(2).
-13
Let x(b) = -b**2 - 6*b - 2. Let l(q) = q**2 + 1. Let f be l(-1). Suppose -2*o = -f + 8. Calculate x(o).
7
Let j(r) = 5*r**3 + 13*r**2 - 17*r - 6. Let y(c) = -8*c**3 - 27*c**2 + 33*c + 14. Let l(g) = 5*j(g) + 3*